Let a be -12*((-32)/3 - -2). Suppose -a = -w - w. Calculate the highest common divisor of w and g.
13
Suppose 0*k - 3*h + 17 = k, -h = -5*k + 5. Suppose -35 = -k*q + 11. What is the highest common divisor of 46 and q?
23
Suppose -3*m + 9 = -2*x, -4*m = 4*x - 20 - 12. Let u(g) = -2*g - 3. Let t be u(-2). What is the greatest common divisor of m and t?
1
Let s(d) = -69*d + 17. Let a be s(-3). Calculate the highest common factor of 32 and a.
32
Let g = -2 + 1. Let a = 0 - g. Suppose a = c - 89. Calculate the highest common factor of c and 10.
10
Suppose 2*j + 5*f = 16, 0*f = 3*j + 5*f - 19. Suppose 54 = j*k - 0*k. Calculate the greatest common factor of k and 27.
9
Let g be 4/(-6) - 107/(-3). Suppose -4*v - 10 + 30 = 0. Suppose 2*h - 3*h = -5*y + 36, v*y - 4*h = 39. Calculate the highest common divisor of y and g.
7
Let s be (1 + (-1 - -1))/1. Suppose 0 = 5*v + 69 + s. Let f = 42 + v. Calculate the highest common factor of f and 4.
4
Suppose -2*l + 730 = 3*l. Suppose -2*j - 16 = -6*j. Suppose -t + j*m + l = t, 314 = 4*t + 3*m. Calculate the greatest common divisor of t and 7.
7
Let c = 246 - 146. Suppose -3*w + 3*s + 48 = -s, -4*w - 4*s + 92 = 0. Calculate the greatest common divisor of c and w.
20
Suppose -80 = -0*z + 2*z. Let h = z + 85. Calculate the greatest common divisor of h and 5.
5
Let j(p) = -p**2 - p + 0*p**2 + 8*p**2 + 0*p. Let x be j(1). What is the greatest common divisor of 30 and x?
6
Let r be (-405)/(-25) + (-2)/10. Calculate the greatest common divisor of r and 64.
16
Suppose -5*o = -g + 199, g + 0*o = -o + 187. Suppose -4*p - 97 = -5*x, 11*x - 2*p + 67 = 14*x. Calculate the greatest common factor of g and x.
21
Let f be (3/(-9) - 0)*-24. Calculate the highest common factor of f and 72.
8
Let s = 24 - 9. Let l = s - 3. Let a be (-790)/(-6) - (-1)/3. Calculate the greatest common factor of l and a.
12
Let j = 10 - 3. Suppose -w + 99 + 169 = 5*d, d - 2*w = 47. Suppose 5*c - b = c + d, 0 = 5*c - 4*b - 58. What is the greatest common factor of j and c?
7
Let t = 102 - 54. Let u be (-27)/9 + 1 + 18. What is the greatest common divisor of t and u?
16
Suppose 57 = -4*o + p - 4, 48 = -3*o + 3*p. Let u = 21 + o. What is the greatest common divisor of u and 18?
6
Suppose 0 = -4*s - 88 + 228. Suppose -2*g = 4 - 18. Suppose -r + 3 = 2*n - 4, r + 4*n = g. What is the greatest common factor of r and s?
7
Suppose 4*w - 17 = 11. Calculate the greatest common factor of 21 and w.
7
Let d = 60 - 21. Suppose 134*x = 127*x + 91. Calculate the greatest common factor of d and x.
13
Suppose -2 = -n - 3, -4*n + 21 = 5*h. Let z be ((-11)/2)/((-9)/90). Calculate the greatest common divisor of h and z.
5
Let b be ((-2)/(-4))/(3/54). Suppose -4*h - 4*n = -2*n - 40, -3*n = -5*h + 28. Suppose 0 = -5*u - h + 188. Calculate the greatest common factor of b and u.
9
Let p = -5 + 12. Let f be (-7 + 0)*(-19 - -12). What is the greatest common factor of p and f?
7
Let x be 1/(-2)*(-13 - -1). Let k = -1 - -38. Let i = k + -28. Calculate the highest common factor of i and x.
3
Let y(v) be the third derivative of 1/6*v**3 + 0*v - v**2 + 0 - 29/24*v**4. Let h be y(-1). Calculate the greatest common divisor of 6 and h.
6
Suppose -8 = i + n - 4*n, -3*i - 5*n = -18. Let r = 2 + -1. Let f be (r + 2/i)*4. What is the greatest common factor of 36 and f?
12
Suppose 0 = -8*n + 588 - 500. Let j(l) = 12*l**2 - 1. Let w be j(1). What is the greatest common divisor of w and n?
11
Let o be -1 + (-4)/(-4)*7. Let n = 10 - 6. Suppose 9*r - n*r = 75. Calculate the highest common divisor of r and o.
3
Let g = 0 - -5. Suppose -2*l = -20 + 10. What is the highest common factor of l and g?
5
Let g = 193 + -139. Calculate the highest common factor of g and 378.
54
Let i = 181 + -73. Let d = -4 + 8. Suppose v + 7 = k - 4*v, 5*k = d*v + 56. What is the highest common factor of k and i?
12
Suppose -52 - 20 = -8*b. Suppose 2*h - 34 = -4*v, -52 = -4*h - 0*v - 4*v. What is the highest common divisor of h and b?
9
Suppose -9 = 3*y, -4*f - 3*y + 0*y + 15 = 0. Calculate the greatest common divisor of 78 and f.
6
Let c(x) = x**3 - 9*x**2 + 8*x - 2. Let g be c(8). Let n be (-1)/g*(-6)/(-3). Let q be 1*-18*2/(-4). What is the greatest common factor of n and q?
1
Let f be 3*8*(-21)/(-4). Let d(z) = -z**2 + 13*z - 5. Let m be d(12). Let y be 3 - 3 - m*-2. Calculate the highest common factor of y and f.
14
Let y be 12/10*(-10)/(-3). Suppose y*g = 1 - 13. Let b be (-10)/g*6 + 2. What is the highest common divisor of b and 33?
11
Let h be (5 - -1)/(4/20). Suppose -30*o + 21*o + 54 = 0. What is the highest common factor of h and o?
6
Suppose 4*z + 2 = 6. Let p be z*(22 - (3 + 0)). Calculate the greatest common factor of 133 and p.
19
Let w be (0 - 9)*(-30)/9. Let j(y) = -2*y + 4. Let h(c) = c. Let x(u) = 2*h(u) - j(u). Let l be x(4). Calculate the greatest common factor of l and w.
6
Let q = -96 - -180. Let o(m) = 8*m - 4 + 2*m**2 - 3*m**2 + 0*m**2. Let v be o(4). Calculate the greatest common factor of q and v.
12
Let s(a) = a**3 - 6*a**2 + 2*a - 6. Let d(v) = -v - 3. Let y = -16 + 7. Let z be d(y). Let m be s(z). What is the highest common divisor of 6 and m?
6
Suppose -3*g - 196 = -7*g. What is the highest common divisor of g and 98?
49
Suppose 5*k - 17 - 33 = 0. Let i(v) = 5*v**2 - 2*v + 1. Let c be i(3). What is the highest common factor of k and c?
10
Let c(v) = -31*v - 3. Let o be c(-3). Suppose -3*f + 0*f = -o. Calculate the greatest common divisor of 15 and f.
15
Let w be 1 - 0/(-1) - 2. Let u be 7/(-7)*(-8 - w). Let q be 1 + (u + 3 - -1). What is the highest common divisor of q and 60?
12
Let y be 0 - (-62 - 1) - -2. Suppose 0 = 2*s + 4*b - 2, 2*s - b = 3 - 1. Let h = s - -12. What is the highest common factor of y and h?
13
Suppose 0 = -5*m + 90. Calculate the greatest common factor of m and 45.
9
Let a = 83 - 77. Calculate the greatest common divisor of 18 and a.
6
Let u = 109 - 59. Let r = u + -35. Calculate the highest common divisor of r and 45.
15
Let v(u) = u - 2. Let q be v(5). Let r be ((-3)/5)/(3/(-15)). What is the greatest common factor of r and q?
3
Suppose 3*u - 5*k - 424 = 0, k + 0 = 1. Let f = 11 + -6. Let p be (f + -4)/((-1)/(-13)). Calculate the highest common factor of u and p.
13
Suppose -13 - 11 = -4*o. Let w(q) = -q + 5. Let r be w(o). Let i be (-1)/(r*(-3)/(-21)). What is the greatest common factor of 14 and i?
7
Suppose 1520 = 18*w - 2926. What is the greatest common factor of w and 19?
19
Let x be 10 - 10 - (-1 + -9). Calculate the highest common divisor of x and 20.
10
Let o be (-40)/3*12/(-5). Calculate the highest common divisor of o and 96.
32
Suppose 2*f + t - 3*t = 184, 5*f + 4*t = 496. Calculate the highest common divisor of f and 12.
12
Let u = 32 + -23. Let l(c) = c + 9. Let a be l(u). Suppose 0*k - 70 = -3*k + 2*g, 0 = -k + 2*g + a. Calculate the highest common divisor of k and 13.
13
Let z(n) = -n**2 - n + 4. Let u be z(0). Suppose u*k - 133 = -33. What is the highest common factor of k and 10?
5
Let f = 65 + -50. Calculate the highest common divisor of f and 6.
3
Suppose 5*v = -2*i + 192, -3*i - 2*v + 0*v + 288 = 0. Let n = i - 12. Let k = 144 - n. Calculate the greatest common factor of 24 and k.
12
Suppose -4*q = -5*r + 104, 26 = -4*r - 4*q + 138. Suppose 14 - 62 = -4*d. Calculate the highest common factor of r and d.
12
Let i be 30/(-25)*(-10)/4. Suppose 0*g = i*g + 51. Let p = 30 + g. What is the greatest common divisor of p and 13?
13
Let d(m) = -m**3 - 3*m**2 + 7*m + 5. Let u be d(-5). Let i be 116/6*9/6. Let l = i - u. What is the highest common factor of l and 9?
9
Let j be 10/(-4)*(-23 - -17). Calculate the greatest common divisor of j and 5.
5
Let a be 0/(0 + 1 + -3). Suppose 0 = -o + k + 7, 5*k = -a*o - o - 11. Suppose 0 = y - 22 - o. Calculate the greatest common divisor of 65 and y.
13
Let p(l) = 7*l. Let b be p(-3). Suppose 3*g - 76 - 95 = 0. Let v = g + b. What is the greatest common divisor of 9 and v?
9
Suppose 3*c - 6*w = -w + 34, 3*c + w - 4 = 0. Let f be -2 + c/((-12)/(-800)). Calculate the highest common divisor of 22 and f.
22
Suppose -2*y = 2*y + h - 8, -5*y + 4*h + 10 = 0. Suppose 2*t = 3*t - y. Suppose a - t*a = -16. What is the highest common factor of 4 and a?
4
Suppose -v + 6*v = -3*n + 53, -3*n - 2*v = -50. What is the greatest c